n + 4. Let b(m) = m + 6. Let z be b(5). Let s = -2 + z. Suppose 0 = -q, 5*q = 3*v + 3*q + s. Calculate o(v).
7
Let h(m) = m - 1. Suppose o + 2*o = -33. Let l(q) = 5*q - q + 0 - 6. Let n(d) = o*h(d) + 2*l(d). What is n(-2)?
5
Suppose 0 = -4*b - 5 + 29. Let u(f) = f**2 - 6*f + 7. Give u(b).
7
Let z be (6/4)/(21/56). Let s(k) = 3*k**2 + 3 - 5 + 4 - k**3 + 2*k. What is s(z)?
-6
Let t(w) = -2*w**2 - 5*w - 4. Suppose -4*c - 30 = 2*d + 42, d + 76 = -4*c. Let z = c + 17. Give t(z).
-7
Let y(c) = -7*c**2 + 10*c + 1. Let j(m) = 2*m**2 - m + 1. Let d(q) = 4*j(q) + y(q). Determine d(-6).
5
Suppose -3*y + 4*a + 22 = 0, -4*y + 3*a + 23 = 4*a. Let o(n) = -n + 6. Calculate o(y).
0
Let o(g) = -g**3 - 4*g**2 - 2*g - 2. Let d(r) = r**3 + 4*r**2 + r + 1. Let s(b) = 4*d(b) + 3*o(b). Determine s(-4).
6
Suppose 3*p = -3 - 0. Let l(q) = 8*q**3 - 5*q**2 + 5. Let d(o) = 9*o**3 - 6*o**2 + 6. Let v(m) = 4*d(m) - 5*l(m). Calculate v(p).
4
Let s(t) = t**2 - 5*t + 2. Let w = 9 - -1. Suppose p = -4*p + w. Give s(p).
-4
Let f(o) be the first derivative of -o**2/2 + 3*o + 68. Determine f(7).
-4
Let l(j) be the first derivative of -j**2/2 + 7*j - 1. Let w(o) = o**2 + 5. Let g be w(0). Give l(g).
2
Let v = -83 + 81. Let l(p) = 2*p**3 + p**2 - 2*p - 3. Determine l(v).
-11
Let o(y) be the second derivative of -y**4/24 + 3*y**3/2 + 5*y**2/2 - 3*y. Let r(k) be the first derivative of o(k). What is r(0)?
9
Let n(l) = l**2 - 6*l + 5. Let o be 6/9 + 38/6. Determine n(o).
12
Let v(f) = -10*f + 5. Let y(c) = 1. Let j(n) = -v(n) + 5*y(n). Let l(p) = p**3 + 2*p**2 + 1. Let d be l(-2). Determine j(d).
10
Let n = 0 - 4. Let f(z) = -7*z**2 + 5. Let i(d) = -d**2. Let k(l) = f(l) - 6*i(l). Give k(n).
-11
Let i(a) = -2*a**2 - 3*a + 3 + a**2 - a**2. Let x(r) = -r**2 - 5*r - 4. Let v be x(-4). Suppose h + 3 = -v*h. Calculate i(h).
-6
Let d(j) = -3*j - 1. Suppose -r - 15 = -11, -5*s - 2*r = 18. Calculate d(s).
5
Let j(n) be the first derivative of -n**4/4 - 2*n**3/3 + 5*n**2/2 + 3*n - 1. Let d be (-1)/2 + (-1)/(-2). Let m = -3 - d. Give j(m).
-3
Suppose -8*w + 20 = -3*w. Let q(b) = 2 + 0 - b - w. Calculate q(-5).
3
Let t(a) be the second derivative of a**5/60 + a**4/24 + a**3/6 + 5*a**2/2 + 4*a. Let h(i) be the first derivative of t(i). Calculate h(0).
1
Suppose -7*l = -9*l. Let p(v) = v**2 + v - 7. What is p(l)?
-7
Let b(i) = 9*i**2 - 2*i - 1. Let j be b(-1). Suppose -2*o = -4 + j. Let r(v) = v**3 + 2*v**2 - 3*v + 3. Calculate r(o).
3
Let r(b) be the second derivative of -b**4/6 + b**3/6 + b**2/2 + 13*b. Suppose -j - p + 10 = -5*p, -4*j + p + 10 = 0. Give r(j).
-5
Let q be (2/1)/(1/1). Let z(v) = -2*v**3 + 3*v**2 - v + 2. Let p be z(0). Let g(b) = -b**q + b + p*b**2 - b + 1 - b. Give g(2).
3
Let b(n) = -n**3 - 14*n**3 + 5*n**3. Let f = 1 - 0. What is b(f)?
-10
Let f(o) = 5*o + 4. Let t(c) = c - 1. Let r(j) = f(j) - 4*t(j). Let d(g) = -g**3 + 4*g**2 + 5*g - 6. Let k be d(5). What is r(k)?
2
Let v(c) be the third derivative of -c**9/60480 + c**8/5040 - c**7/1008 + c**6/240 - c**5/15 + 2*c**2. Let h(j) be the third derivative of v(j). Calculate h(3).
-3
Let l(x) = 2*x - 5 + 9 - 2. Let i(h) = h**2 - 2*h - 1. Let t be i(-5). Let r be t/(-9) - 4/18. Calculate l(r).
-6
Suppose -2*q - 6*q + 16 = 0. Let o(n) = -6*n + 3. Calculate o(q).
-9
Let z(v) = -3 + 4 + 0 + 0. Let w(s) = 8*s + 1. Let u(o) = w(o) - 2*z(o). Determine u(-1).
-9
Let v(b) be the third derivative of b**6/120 + b**5/10 - b**4/24 + b**3 + 5*b**2. Determine v(-6).
12
Suppose -2*z - 21 = -69. Suppose n = 5*n - z. Let b(c) = c**2 - 7*c + 3. What is b(n)?
-3
Suppose 26 = 4*x + 2*n, -2*n = -7*x + 4*x + 30. Let f(z) = -z + 5. Calculate f(x).
-3
Let g(p) = p + 10. Let n = 2 - -7. Let o = n - 14. What is g(o)?
5
Let t = 2 + 0. Let a(n) be the second derivative of -1/12*n**4 + 1/2*n**t + 3*n + 0 - 1/6*n**3. Give a(2).
-5
Let g(h) be the first derivative of -h**3/3 - h**2 - 3*h - 2. Give g(-3).
-6
Suppose 2*k = 2*y + 12, 4*k - 5*y = 3*k + 18. Suppose -p + 2 = -k. Let l(m) = m**2 - 4*m - 1. Calculate l(p).
4
Let q(r) = -6*r**2 - r + 1. Let i = -1 + 2. Let u be (i - 3)*2/(-4). Determine q(u).
-6
Let k = 25 + -28. Let w(f) = 2*f**3 + 2*f**2 + 2. Let o(u) = 3*u**3 + 5*u**2 - u + 4. Let v(n) = k*o(n) + 5*w(n). Determine v(4).
-6
Let o(b) = -b**3 + 5*b**2 + b**2 - 6*b + 2*b - 7. Suppose 2*g - 16 + 6 = 0. Give o(g).
-2
Let u(i) be the second derivative of -5/2*i**2 - 4*i + 0 + 1/12*i**4 + 1/3*i**3. What is u(-4)?
3
Let z(a) = -a + 1. Let n be 63/6 + -3 - (-3)/(-2). Give z(n).
-5
Let p(l) = -l - 2. Suppose -3*d + 5*k - 21 = 0, 2*d + d = -2*k - 21. Give p(d).
5
Suppose 5*c = 19 + 71. Suppose -10*l = -49 - 1. Suppose 0 = 4*g - a - 8, g = -g - l*a - c. Let v(h) = 9*h**3 - h**2 + h - 1. Determine v(g).
8
Let a(n) = n**3 - 1. Let l(s) = -3*s**3 - 6*s**2 + 9. Let q(f) = 4*a(f) + l(f). What is q(6)?
5
Let j(a) = -7*a + 6. Let t(q) = q - 1. Suppose -3*g + 9 = -0. Suppose -2*i - 1 = -g*i. Let m(l) = i*j(l) + 6*t(l). Give m(4).
-4
Let t(p) = -p**3 + 2*p - 3. Let b(w) = -w - 4. Let l be b(-6). Let z be (-8)/(-6)*3/l. Suppose -z = -u - 0*u. Give t(u).
-7
Let f = -4 - -5. Let l be (4/6)/(f/3). Suppose -l*h - 27 = -5*p, 2*h + 3*h - 5*p = -30. Let n(x) = 4*x**3 - x - 1. Determine n(h).
-4
Let u = -58 + 53. Let k(q) = -q - 7. Determine k(u).
-2
Let l(y) = -171 + 174 - 5*y - 2*y**2 + 3*y**2. Let p(q) = q - 2. Suppose -m - 2 = -7. Let k be p(m). Give l(k).
-3
Let w(q) be the third derivative of -q**4/6 + q**3 + 4*q**2. Determine w(4).
-10
Suppose 0*v - 4*v + 5*t + 25 = 0, 0 = -v + 2*t + 10. Let p be 0/((-2)/1 - v). Let w(a) = 6 - a + p*a - a**2 - a. Give w(-5).
-9
Let l(t) = -t**2 + 4*t - 2. Suppose 3*x = 16 - 7. What is l(x)?
1
Suppose 3*b + 14 = 3*r + 2*r, b + 6 = 2*r. Suppose b*w - 3*w = -2. Let d(a) = -4*a + 4*a - a + 5*a**w. What is d(-1)?
6
Let j(b) = 2*b**3 + 0*b**2 - 3*b**3 + 5*b - 5*b**2 - 1. Let i(c) = c**3 - c**2 + c. Let k(u) = 2*i(u) + j(u). Calculate k(6).
5
Suppose 2*p = -p - 3, p - 1 = d. Let s(y) be the first derivative of 2*y**2 + y - 4. Give s(d).
-7
Let r(t) = -2 + 9*t - 8*t + t**2 + 5*t - 5. Give r(-7).
0
Let y(a) = a**2 - 4*a + 3. Let w = 12 + -10. Calculate y(w).
-1
Let l(a) = a - 11. Let r(p) = -p + 11. Let z(v) = 3*l(v) + 2*r(v). What is z(0)?
-11
Let p(m) = -11*m**3 + 3*m**2 - m. Let u(z) = z**3 - z**2. Let l(r) = -p(r) - 4*u(r). Suppose 6 + 10 = -4*a - 3*y, 5*a + 5*y + 25 = 0. Give l(a).
-7
Let w(v) = 3 - 3 + 1. Let z(l) = 5*l**3 - 2*l**2 + l - 2. Let y(p) = 2*w(p) + z(p). Determine y(1).
4
Let j(d) be the second derivative of d**4/12 - d**3/2 - 2*d**2 - d. Let k = -10 + 15. Give j(k).
6
Let l(x) = -6*x**3 - 4*x**2 + 12 - 11 + 5*x**3 + 6*x. What is l(-5)?
-4
Let t(a) = a**2 - 8 + 4*a + 0*a + a + 3. Determine t(-6).
1
Let k(s) = 2*s**3 - 3*s**2 - 5*s + 3. Let i be (-5)/(-1) - 2/1. Calculate k(i).
15
Suppose -3*d - 6 = -2*i, -5*d - 5*i = -3*i - 6. Let f = -140 - -142. Let t(q) = -f - 1 + d*q**2 + 2*q**2 - 4*q - q**2. Give t(5).
2
Let p(q) = q**2 + 5*q - 8. Let v(n) = n**2 + 5*n - 8. Let s(l) = 5*p(l) - 6*v(l). Let g be (-7 + 1)*(-2 + 21/7). What is s(g)?
2
Let q = -17 - -12. Suppose 4*i + 12 = 0, k - i - 8 = 4*i. Let f = k - q. Let p(w) = w**3 + 3*w**2 + 4*w + 2. Give p(f).
-2
Let l(x) = -x - 3. Suppose n - 2 = 3. Give l(n).
-8
Let p(w) = -3*w + 1. Suppose 12*v = 15*v + 6. Determine p(v).
7
Suppose 16*c - 21 = 13*c. Let s(b) = b**2 - 7*b + 5. Calculate s(c).
5
Let z(p) = 6. Let m(r) = -1. Let u(y) = -3*m(y) - z(y). Let q(d) = d - 7. Let a(k) = 2*q(k) - 5*u(k). What is a(-4)?
-7
Suppose 2*d + 18 = -d. Let g = d + 6. Let l(s) = -s**3 - s + 9. Calculate l(g).
9
Suppose -3*w - 20 = -7*w. Suppose -4*a + 7 = 2*f - w, -f = 3*a - 10. Let t(c) = c**2 + 4*c + 3. Determine t(f).
-1
Let m(p) = 2*p**3 - 3*p**2 + 4*p - 3. Let r = 11 - 15. Let j = r - -3. Let u = j - -3. What is m(u)?
9
Let r(u) = u**2 - u + 13. Let g be (-4 + 4)*(-3 - -4). Calculate r(g).
13
Let n(w) = -5*w**2 + 4. Let h(a) = -a - 4. Let i be h(-3). Let o(u) = u**2 - u - 1. Let z(r) = i*n(r) - 4*o(r). Calculate z(-5).
5
Let j(n) = -n**3 - 8*n**2 + 9*n + 3. Let i be j(-9). Let m(w) = -9*w + 6. Let q(s) = 5*s - 3. Let a(x) = -6*m(x) - 11*q(x). Determine a(i).
-6
Let f(w) = 12*w**2 - w. Let g(i) = -i + 4. Let c be g(3). Determine f(c).
11
Suppose -l - j + 0*j + 2 = 0, -4*l = -3*j - 15. Let r(d) = -